{"id":80,"date":"2025-09-15T13:06:31","date_gmt":"2025-09-15T13:06:31","guid":{"rendered":"https:\/\/barkodokuyucu.com.tr\/?post_type=product&amp;p=80"},"modified":"2025-09-15T13:06:31","modified_gmt":"2025-09-15T13:06:31","slug":"xprinter-xp-58mm-usb-termal-yazici","status":"publish","type":"product","link":"https:\/\/barkod.dijitalevre.com\/?product=xprinter-xp-58mm-usb-termal-yazici","title":{"rendered":"XPrinter XP-58MM USB Termal Yaz\u0131c\u0131"},"content":{"rendered":"<h3>XP-58MM USB Termal Yaz\u0131c\u0131<\/h3>\n<div>\u2022 Bask\u0131 H\u0131z\u0131:120mm \/ sn<\/div>\n<div>\u2022 Aray\u00fcz:USB Ba\u011flant\u0131 Noktas\u0131<\/div>\n<div>\u2022 Bask\u0131 Geni\u015fli\u011fi:57.5 \u00b1 0.5mm<\/div>\n<div>\u2022 Rulo \u00c7ap\u0131:50 mm&#8217;lik<\/div>\n<div>\u2022 Bask\u0131 Kal\u0131nl\u0131\u011f\u0131:0.06-0.08mm<\/div>\n<div>\u2022 Birim A\u011f\u0131rl\u0131k:800 g<\/div>\n<div>\u2022 Boyut:175 x130 110mm<\/div>\n<div>\u2022 G\u00fc\u00e7 Adapt\u00f6r\u00fc:DC 12V \/ 2.6A<\/div>\n<div>\u2022 \u00c7ekmece \u00c7\u0131k\u0131\u015f\u0131:DC 12V \/ 1A<\/div>\n<div>\u2022 G\u00fcvenilirlik Yazd\u0131r:100 km<\/div>\n","protected":false},"excerpt":{"rendered":"<p>XPrinter XP-58MM, USB Termal Yaz\u0131c\u0131, Bask\u0131 H\u0131z\u0131:120mm \/ sn, G\u00fc\u00e7 Adapt\u00f6r\u00fc:DC 12V \/ 2.6A, T\u00fcm \u00dcr\u00fcnler 2 Y\u0131l Garantilidir.<\/p>\n","protected":false},"featured_media":7676,"comment_status":"open","ping_status":"closed","template":"","meta":[],"product_brand":[],"product_cat":[52],"product_tag":[180],"class_list":{"0":"post-80","1":"product","2":"type-product","3":"status-publish","4":"has-post-thumbnail","6":"product_cat-genel","7":"product_tag-xp-58mm-usb-termal-yazici","8":"product_shipping_class-yurt-ici","10":"first","11":"instock","12":"shipping-taxable","13":"purchasable","14":"product-type-simple"},"_links":{"self":[{"href":"https:\/\/barkod.dijitalevre.com\/index.php?rest_route=\/wp\/v2\/product\/80","targetHints":{"allow":["GET"]}}],"collection":[{"href":"https:\/\/barkod.dijitalevre.com\/index.php?rest_route=\/wp\/v2\/product"}],"about":[{"href":"https:\/\/barkod.dijitalevre.com\/index.php?rest_route=\/wp\/v2\/types\/product"}],"replies":[{"embeddable":true,"href":"https:\/\/barkod.dijitalevre.com\/index.php?rest_route=%2Fwp%2Fv2%2Fcomments&post=80"}],"wp:featuredmedia":[{"embeddable":true,"href":"https:\/\/barkod.dijitalevre.com\/index.php?rest_route=\/wp\/v2\/media\/7676"}],"wp:attachment":[{"href":"https:\/\/barkod.dijitalevre.com\/index.php?rest_route=%2Fwp%2Fv2%2Fmedia&parent=80"}],"wp:term":[{"taxonomy":"product_brand","embeddable":true,"href":"https:\/\/barkod.dijitalevre.com\/index.php?rest_route=%2Fwp%2Fv2%2Fproduct_brand&post=80"},{"taxonomy":"product_cat","embeddable":true,"href":"https:\/\/barkod.dijitalevre.com\/index.php?rest_route=%2Fwp%2Fv2%2Fproduct_cat&post=80"},{"taxonomy":"product_tag","embeddable":true,"href":"https:\/\/barkod.dijitalevre.com\/index.php?rest_route=%2Fwp%2Fv2%2Fproduct_tag&post=80"}],"curies":[{"name":"wp","href":"https:\/\/api.w.org\/{rel}","templated":true}]}}